u - m. Calculate the remainder when 50 is divided by u.
11
Let c = 0 - 31. Let i = c + 50. What is the remainder when 37 is divided by i?
18
Calculate the remainder when 118*(7/2)/7 is divided by (-318)/(-21) + (-1)/7.
14
Suppose 18*d - 639 = 9. What is the remainder when 62 is divided by d?
26
Let r = -832 + 994. Calculate the remainder when r is divided by 76.
10
Suppose -106 + 58 = -4*v. What is the remainder when 34 is divided by v?
10
Suppose -3*q - 150 = -8*q. Suppose -19*w + 16*w + 51 = 0. Calculate the remainder when q is divided by w/68*44*1.
8
Let w(p) = 10*p - 54. Suppose 0 = -5*t + 47 + 3. What is the remainder when w(12) is divided by t?
6
Suppose -q - 3*l = 12, -4*q - 5*l + 0 = 13. Let r = -9 - -14. Calculate the remainder when r is divided by q.
2
What is the remainder when (-3)/(3/(-2657)) - 480/(-96) is divided by 72?
70
Suppose -6*a - 20*a = -2184. Let h be (10/1)/2 + 0. Suppose -3*t + 96 = 3*w, h*t - 14 - 1 = 0. What is the remainder when a is divided by w?
26
Suppose 5*q + 4*o = 360, 0 = -q + 5*q + o - 299. Calculate the remainder when q is divided by (3 - 71)*3/(-12).
8
Let z(f) = -6*f + 11. Let h be z(5). Let r = h - -41. Let w(b) = -30*b - 4. Calculate the remainder when w(-3) is divided by r.
20
Let y(h) = 8*h - 4. Let p be y(6). Let q be 2/(-6) + p/33. Let f = q + 6. What is the remainder when 19 is divided by f?
5
Suppose x + 4 = z, z = 3*z + 5*x - 36. Suppose 2*y = -4*j + 80, -3*j - j + 90 = -3*y. Let o = j - -17. Calculate the remainder when o is divided by z.
6
Let k = -66 - -84. Suppose -8*d = -10*d + k. Calculate the remainder when 40 is divided by d.
4
Suppose -3*f + 270 = 2*f + 2*h, -2*h = 2*f - 114. Calculate the remainder when f is divided by 11.
8
Suppose 540 + 1028 = 16*t. What is the remainder when t is divided by 54?
44
Suppose -5*i + 275 = -235. What is the remainder when i is divided by 13?
11
Let a be 4/16 + 31/4. Suppose 80 = 13*q - a*q. Suppose 4 = -3*r + q. Calculate the remainder when 5 is divided by r.
1
Suppose -36 - 34 = -7*z. Let o = -2 + 39. What is the remainder when o is divided by z?
7
Let o = 44 - 37. Suppose -o*q + 174 = -561. What is the remainder when q is divided by 27?
24
Suppose 5*a - 385 = -45. What is the remainder when a is divided by 14?
12
Let g be (-6 - (-6 - -2)) + (-2)/(-1). Suppose g = 13*j - 3*j - 590. What is the remainder when j is divided by 20?
19
Let j = 11 + -1. Let h(k) = k**3 + 10 + 0*k**3 - 12*k + 2*k + 8*k**2. Calculate the remainder when h(-9) is divided by j.
9
Suppose 15*c - 2160 = 3*c. What is the remainder when c is divided by 62?
56
Let g = -34 - -52. What is the remainder when 61 is divided by 8/12 + 276/g?
13
Let h be (-4)/(-1)*(-7)/(-14). Suppose -o + 5*i = 52, 75 = -h*o + 3*i + 6. Let a = -19 - o. What is the remainder when 30 is divided by a?
6
Suppose -4*d + 100 = -0*d. Let m be (-6 + -285)*2/(-6). What is the remainder when m - (6/15)/(2/(-10)) is divided by d?
24
Suppose -579 = -4*l + 97. Let u = l - 72. Suppose -4125 = -165*r - 76*r + 76*r. What is the remainder when u is divided by r?
22
Let i(x) = 9*x + 2. Let f be i(-1). Let u be f*(23/(-7) + 3). Suppose -5*r + 2*n + 136 = -0*n, -r + u*n + 32 = 0. What is the remainder when r is divided by 9?
8
Let h(a) = -92*a**2 - 3*a - 2. Let s be h(-1). Let i = -27 - s. What is the remainder when i is divided by 11?
9
Suppose -5*d = -5*w + 8*w - 114, 2*w - 77 = -3*d. Suppose 0 = -w*o + 48*o - 370. Calculate the remainder when o is divided by 39.
35
Let b(p) = -p**3 + 5*p**2 - p + 8. Calculate the remainder when 30 is divided by b(5).
0
Let w = 28 + -46. Let f = 28 + w. What is the remainder when 29 is divided by f?
9
What is the remainder when (-2)/(-10) + (-4224)/(-30) is divided by 15?
6
Let z(g) = g**2 - 18*g - 36. What is the remainder when z(25) is divided by 51?
37
Let r = 18 - 16. Suppose 4*b - 2*l - 2 = 0, -l - 1 = r*b - 12. Let h(z) = 11*z**2 - 1. Calculate the remainder when h(-1) is divided by b.
1
Let j(z) = -z**2 - 6*z + 8. Let l be j(-6). Suppose 4*a = 2*y - 82, -l = -4*a - 0. Calculate the remainder when 134 is divided by y.
44
Suppose -49*n + 850 = -15*n. What is the remainder when n is divided by 10?
5
Let x(d) be the first derivative of d**4/2 - d**3 + d**2/2 + 5. Calculate the remainder when x(4) is divided by 22.
18
Let t(a) = a**2 + a + 7. Let s = -528 - -840. Suppose -8*k + s = 16*k. Calculate the remainder when t(5) is divided by k.
11
Let o be 2 - (4 - (4 - 11)). Let b = o + 32. What is the remainder when 137 is divided by b?
22
Let q = -1765 + 1789. Calculate the remainder when ((-1)/2)/(4/(-752)) is divided by q.
22
Let h be 2*-12*-1*(-8)/(-12). Suppose 19 = q - h. Calculate the remainder when 173 is divided by q.
33
Let l = -61 + 103. Suppose 4*f - 8 = -0*f. Suppose -f*b = -3*t + 49, 0 = 4*t + b + 9 - 67. Calculate the remainder when l is divided by t.
12
Let p(t) = 2*t**2 + 3*t - 5. Suppose 3*w = 3 + 3. What is the remainder when (14/(-2))/(5/(-25)) is divided by p(w)?
8
Suppose -56*v - 392 = -58*v + 4*d, 4*v + 5*d - 823 = 0. What is the remainder when v is divided by 28?
6
Let t = 1 - -3. Suppose -10*d + t*d = -66. Calculate the remainder when 1/(-4) - 129/(-4) is divided by d.
10
Let w(p) = 14 + 0*p**2 + 0*p**2 + p**2 + p. Calculate the remainder when 37 is divided by w(0).
9
What is the remainder when (-70 - -102)*4/1 is divided by 37?
17
Suppose 0 = 8*j - 13*j + 475. Calculate the remainder when j is divided by 11.
7
Let h = -111 + 155. Suppose -g + 55 + 11 = -l, -l = 4*g - 274. Suppose -4*y - 20 = -g. Calculate the remainder when h is divided by y.
8
Let s(y) = -y**2 - 5*y + 3. Let l be s(-6). Let n be (-1)/l*(-4 + 121). Let w = n - 28. Calculate the remainder when 32 is divided by w.
10
Let c(y) = -y**3 + 22*y**2 + 28*y + 33. Let k be c(23). Suppose 4*q - k = 92. What is the remainder when q is divided by 14?
4
Suppose 10*t - 5*t = 370. Let f(q) = -q**2 + 26*q + 25. Calculate the remainder when t is divided by f(26).
24
Let d = 19 - 25. What is the remainder when 16 is divided by d/(-24) + (-70)/(-8)?
7
Let u(s) = 2*s**3 - 4*s**2 - s + 1. Let b(t) = -t**3 + t**2 + t. Let m(c) = b(c) + u(c). What is the remainder when m(5) is divided by 15?
6
Let c(m) = m**2 + 3*m - 2. Suppose 0 = -0*o - 4*o + 8. Suppose o*s + 2*u - 154 = -2*u, -308 = -4*s - 4*u. Calculate the remainder when s is divided by c(-7).
25
Suppose -2*c + 427 = 395. What is the remainder when c is divided by 1*(-2 - (-7)/1)?
1
Calculate the remainder when (-332)/(-6) + (-56)/168 is divided by 18.
1
Suppose 2*v = 5 + 17. What is the remainder when (-2)/(-6) + (-840)/(-45) is divided by v?
8
Let r(t) = -2*t. Let c(h) = -h**2 + 7*h - 3. Suppose 0 = -u + 5*u - 32. Let z be c(u). Calculate the remainder when 85 is divided by r(z).
19
What is the remainder when 78 is divided by 1 - 1/(-2) - (-1950)/260?
6
Calculate the remainder when 35 is divided by 24 + (6 - -1) + -5.
9
Let k be (-2)/(-5)*5*-1*-44. Let l = k - 77. What is the remainder when 31 is divided by l?
9
Suppose -7*f = -536 + 193. Let h = 15 + 12. What is the remainder when f is divided by h?
22
Let r(m) = 2*m**3 - 2*m**2 + 3*m + 5. Suppose 116 = -0*p + 4*p. Calculate the remainder when r(4) is divided by p.
26
Let t(g) = -6*g**2 + 12*g - 4. Let o(k) = -k**2. Let j(n) = 4*o(n) - t(n). Let f(d) = 26*d + 1. Calculate the remainder when f(2) is divided by j(7).
17
Suppose 4*o - 206 = -s, -159 - 825 = -5*s + 3*o. What is the remainder when 406 is divided by s?
10
Let w(i) be the third derivative of -i**4/24 + 2*i**3/3 + 3*i**2. Let x be w(-8). Calculate the remainder when (-6)/(-9) + 4/x is divided by 1.
0
Let a = -127 - -139. Calculate the remainder when 15 is divided by a.
3
Let r = -138 - -207. What is the remainder when r is divided by 64?
5
Let y = -152 + 175. What is the remainder when 247 is divided by y?
17
Let f = 403 - 303. What is the remainder when f is divided by 34?
32
Calculate the remainder when -2*(-3)/45 + 16047/135 is divided by 8.
7
Let t(p) = -6*p + 27. Calculate the remainder when 11 is divided by t(4).
2
Let g = -1 + 36. Suppose t - 23 + 32 = 0. Let n(b) = b**2 + 8*b + 10. What is the remainder when g is divided by n(t)?
16
Let o = -3 + 12. Suppose 4*z - 3 - o = 0. Suppose u + z*c + c - 62 = 0, 3*u + 3*c = 141. What is the remainder when u